ctor of d and w.
12
Let i(r) = -r**2 - 6*r - 3. Let d be i(-5). What is the highest common divisor of d and 2?
2
Let t be 2*(1 - 159/(-6)). Calculate the highest common factor of t and 11.
11
Suppose 116 - 4 = 2*a + 2*w, -4*a - 3*w + 223 = 0. Suppose -1 - 1 = -2*z + 5*f, -3*z = 3*f - 45. Calculate the greatest common divisor of z and a.
11
Suppose 0 = -3*v - 0*v + 18. Calculate the highest common divisor of v and 18.
6
Let l = 39 - 26. Suppose -3*h + 446 = 95. What is the greatest common divisor of l and h?
13
Suppose 4 = 4*z - 8. Let x = z - 0. Suppose -3*c - 19 = -i, -4*c - 19 = -x. What is the greatest common factor of i and 63?
7
Let z = -157 + 189. What is the highest common factor of 8 and z?
8
Let d = 3 - 1. Suppose y - 3 = -d. Let p = 9 + -4. Calculate the greatest common divisor of p and y.
1
Let u(s) = -s**3 + 6*s**2 + 7*s + 5. Let j be u(7). Suppose -j = 5*x, 0 = -c - 3*x + 11 + 1. Let k = c - -5. What is the highest common factor of k and 8?
4
Suppose 0 = -o + 4*o - t - 173, 2*o - 124 = 5*t. What is the highest common divisor of o and 19?
19
Let d(w) = -24*w + 1. Let y(b) = -97*b + 4. Let h(q) = -9*d(q) + 2*y(q). Let v be h(1). Calculate the highest common divisor of v and 3.
3
Suppose -5*a + 40 = -5*m, m = 4*m - 4*a + 21. Let g = 16 + m. Calculate the highest common divisor of 15 and g.
5
Let w be 5*10/(-225) - (-580)/18. Let a(u) = u**3 - 4*u**2 - 2*u + 1. Let b be a(5). Calculate the highest common divisor of b and w.
16
Let h = -9 + 13. Suppose 2*o + 5*r = 121, -o + 5*o = -h*r + 212. Calculate the highest common factor of 6 and o.
6
Let u(h) = -h**2 + 10*h - 9. Let q be u(4). Calculate the greatest common factor of 3 and q.
3
Let t(k) = -k**3 + 6*k**2 + 2*k - 9. Let f be t(6). Suppose 0*g - f*g + 396 = 0. What is the greatest common factor of g and 12?
12
Let h(n) = -n**3 - 5*n**2 - 4*n + 1. Let b be h(-4). Suppose -2 - b = -f. Let i be 42/f + -1 + -1. Calculate the greatest common divisor of 18 and i.
6
Let l be 73 - (0 + 2/2). Let n be 7 + 3 - -2 - 3. Let w = 17 - n. What is the highest common divisor of w and l?
8
Let j be ((-324)/15)/((-1)/10). What is the highest common divisor of 24 and j?
24
Let f(s) = -s + 6. Let h(n) = 2*n - 17. Let q(x) = -7*f(x) - 2*h(x). Let a be q(6). Calculate the highest common factor of a and 25.
5
Suppose 0 = 2*w - 3*w + 6. Calculate the highest common divisor of w and 66.
6
Let j(p) = -p**3 + 9*p**2 - 19*p + 1. Let f be j(5). What is the highest common divisor of 18 and f?
6
Let y(s) = -s**2 - 39*s - 24. Let t be y(-31). Calculate the greatest common divisor of t and 14.
14
Let y be (0 + 1)*(9 + -1). Suppose -2*q + 4*m - 8 = 0, 0 = -m + 3*m + 2. Let x be 8*6*(-4)/q. What is the highest common factor of x and y?
8
Suppose 3*z - 19 = -p, 2*p = -3*p - 4*z + 62. Let b = 17 - p. What is the highest common divisor of b and 7?
7
Let d be (-46)/(-6) + 16/(-24). What is the highest common factor of d and 56?
7
Let y be (-3)/(-4) + (-5)/(-20). What is the greatest common factor of 2 and y?
1
Let r be 66 + (0 - (-3 - -3)). Calculate the highest common divisor of r and 6.
6
Let q = -17 + 41. What is the greatest common factor of 72 and q?
24
Let x = -31 - -33. Suppose 4*g + 2*s = 80, 6*g - 2*s - 96 = 2*g. Calculate the greatest common divisor of g and x.
2
Let n be (-2)/(-4) + (-1045)/10. Let a be (-16)/6*546/n. Let b be (-2)/(-3) + 122/6. Calculate the greatest common divisor of a and b.
7
Let z = 8 + -6. Let d(k) be the second derivative of 3*k**5/4 - k**3/2 + 3*k**2/2 - 3*k. Let b be d(z). What is the highest common factor of 13 and b?
13
Suppose 0 = -4*n - p - 4*p + 31, n - 12 = 3*p. What is the highest common divisor of n and 81?
9
Let y(w) = -3*w - 5. Let x be y(-3). Calculate the greatest common factor of x and 4.
4
Let l(u) = -11*u + 23. Let j(b) = 19 - 4 - 4 - 5*b. Let q(o) = -5*j(o) + 2*l(o). Let m be q(9). Calculate the greatest common factor of 18 and m.
18
Suppose 3*n = -3*y + 39, 9*n + y = 5*n + 40. Calculate the highest common factor of n and 1.
1
Suppose -4*m = -4*h - 92, 4*h - 104 = -4*m + m. Let s be 4/(-14) - (-148)/m. What is the highest common factor of s and 15?
5
Let w(h) = h - 3. Let x be w(3). Let v be (x - -2)*55/10. Suppose o = -5*j + 68, -2*j - 257 = -2*o - 73. What is the highest common divisor of v and o?
11
Let a = 5 - 1. Suppose -j - 113 = -a*x, j = 3*x - 38 - 47. Calculate the greatest common divisor of x and 7.
7
Suppose -m + 6 = 3*g, -g = -m - 4 + 18. Let v be 3 - (5 + 1) - -87. Calculate the greatest common factor of m and v.
12
Let a(b) = b**3 - 5*b**2 + 3*b - 5. Let s be a(5). Let i be 6/s - 81/(-15). Calculate the highest common factor of i and 42.
6
Suppose -k = -33 + 13. What is the greatest common divisor of k and 180?
20
Let n(k) = k. Let u be n(0). Suppose u = -w + 4*w - 84. Calculate the highest common divisor of w and 4.
4
Suppose 0 = 7*o - 10*o + 75. Calculate the greatest common divisor of o and 25.
25
Let t(v) = -v**3 + 19*v**2 + 2*v - 18. Let r(h) = 4*h + 3. Let s be r(4). Let u be t(s). Let j = 156 + -36. Calculate the greatest common divisor of j and u.
20
Let i(p) = p**3 - p**2 - p - 2. Let d be 3/4*4/1. Let q be i(d). Calculate the greatest common factor of 39 and q.
13
Suppose 0 + 4 = b. Suppose -28 = -2*l + 3*k, b*l = -0*k + k + 36. Let a be (-1)/(-2)*208/l. Calculate the greatest common divisor of 143 and a.
13
Let a be -3*(-30)/(-36)*(-18)/5. What is the greatest common divisor of a and 81?
9
Let g(d) = 2*d + 9. Let h be g(4). Let r = -52 - -120. What is the highest common factor of h and r?
17
Suppose 132 = 8*g + 4*g. Calculate the greatest common divisor of 77 and g.
11
Suppose 0 = 3*d - 5*j - 23, -4*d - 4*j + 32 + 20 = 0. Let g be -9 + d + (16 - 0). Calculate the highest common divisor of 6 and g.
6
Let c be (4/(-3))/((-2)/147). Suppose -5*d = -k, d - 3*k = 6*d. Suppose 4*n - 2*n - 26 = 2*u, d = 4*u - 4. Calculate the greatest common divisor of c and n.
14
Let d(y) = y**2 - y. Let a = -17 - -5. Let t be 3/a - (-50)/8. Let m be d(t). What is the highest common factor of m and 10?
10
Let s be (18/5)/(3/30). What is the greatest common divisor of 4 and s?
4
Let b = -776 - -1096. Suppose 5*m - b = 40. Calculate the highest common factor of m and 18.
18
Suppose 8 - 29 = -3*k. Suppose k*v + 60 = 9*v. Calculate the highest common divisor of 45 and v.
15
Let t be ((-318)/(-9))/(4/(-12)). Let j be t/(-4) + 9/18. Calculate the greatest common divisor of j and 9.
9
Let l(a) = -5*a - 4. Let q be l(-4). Let p = 121 - -119. Suppose -5*v = -2*v - p. What is the highest common divisor of q and v?
16
Let g(k) = -k + 11. Let c be g(7). Suppose c*j = -3*y + 42, 2*y = -6*j + 2*j + 40. What is the highest common factor of 18 and j?
9
Let n = -4 + 60. Suppose 14 = 2*p + k, -p + 14 = -2*k + 2. What is the greatest common factor of n and p?
8
Suppose q = -q + 92. Suppose 4*h + 46 = -q. Let k = h + 127. Calculate the greatest common divisor of 13 and k.
13
Let q = 39 + 5. Calculate the highest common divisor of q and 4.
4
Suppose 5*b = -1 + 16. What is the highest common divisor of 1 and b?
1
Let n be (14 - 1) + -4 + 4. What is the highest common factor of n and 39?
13
Let n = 33 - 28. Let o(b) = b**3 - 4*b**2 + 5*b + 5. Let j be o(5). What is the highest common factor of n and j?
5
Suppose 10 = c + c. Suppose r = -3*r + 8. Suppose -32 = -2*m - r*m + 2*x, 3*m + 3*x = 42. What is the greatest common factor of m and c?
5
Suppose 2*s - 104 = -2*s. What is the greatest common divisor of s and 208?
26
Suppose 2*b - 374 = b. Calculate the greatest common factor of 34 and b.
34
Let f = -8 + 13. Suppose 2*l + 10 = 2. Let o = l + f. Calculate the greatest common factor of 4 and o.
1
Let s = -5 - -7. Suppose 4*j - s*j = 0, 5*c - 250 = 4*j. What is the greatest common divisor of 10 and c?
10
Suppose -3*a - a + 3*d = -28, 21 = 3*a + 4*d. Suppose 3*y + 32 = a*y. Suppose 0 = 4*v - 0*v - 4. Calculate the highest common factor of y and v.
1
Let l(v) = -v**3 - 6*v**2 - 2*v. Let k be l(-8). What is the highest common factor of k and 9?
9
Let k = 161 + -136. What is the highest common factor of k and 175?
25
Let a = 7 - 5. Suppose a*x = -0*x + 14. Let j(f) = f**2 - 6*f + 4. Let q be j(x). What is the highest common factor of q and 66?
11
Let h be (-5)/((-12)/(-3) - 3). Let o be (-55)